9579?
11, 19, 25931
List the prime factors of 212182.
2, 277, 383
What are the prime factors of 4469573?
491, 9103
What are the prime factors of 45902?
2, 59, 389
List the prime factors of 13184625.
3, 5, 35159
List the prime factors of 259630.
2, 5, 7, 3709
What are the prime factors of 4328606?
2, 47, 46049
List the prime factors of 749936.
2, 11, 4261
What are the prime factors of 1553765?
5, 23, 59, 229
What are the prime factors of 625336?
2, 78167
What are the prime factors of 2630929?
7, 41, 89, 103
What are the prime factors of 172591?
107, 1613
List the prime factors of 674735.
5, 134947
List the prime factors of 970645.
5, 13, 109, 137
List the prime factors of 146721.
3, 48907
What are the prime factors of 2088552?
2, 3, 17, 5119
List the prime factors of 30021950.
2, 5, 7, 31, 2767
List the prime factors of 9114743.
11, 239, 3467
What are the prime factors of 818720?
2, 5, 7, 17, 43
List the prime factors of 876897.
3, 7, 31, 449
What are the prime factors of 2202247?
1481, 1487
List the prime factors of 6207041.
6207041
What are the prime factors of 287582?
2, 143791
What are the prime factors of 174758?
2, 59, 1481
What are the prime factors of 11434871?
7, 1633553
List the prime factors of 368670.
2, 3, 5, 12289
What are the prime factors of 13464202?
2, 491, 13711
What are the prime factors of 770901?
3, 256967
What are the prime factors of 851953?
851953
List the prime factors of 727096.
2, 90887
List the prime factors of 847444.
2, 13, 43, 379
What are the prime factors of 79023?
3, 7, 53, 71
What are the prime factors of 4865728?
2, 7, 10861
What are the prime factors of 3117836?
2, 109, 7151
What are the prime factors of 14772750?
2, 3, 5, 19697
List the prime factors of 890332.
2, 103, 2161
What are the prime factors of 2946512?
2, 184157
What are the prime factors of 623636?
2, 13, 67, 179
What are the prime factors of 4755348?
2, 3, 13, 1129
List the prime factors of 367470.
2, 3, 5, 1361
What are the prime factors of 115323?
3, 13, 2957
What are the prime factors of 60797?
11, 5527
List the prime factors of 7794663.
3, 241, 10781
List the prime factors of 707602.
2, 7, 50543
List the prime factors of 1066005.
3, 5, 23689
List the prime factors of 948426.
2, 3, 158071
What are the prime factors of 3905?
5, 11, 71
List the prime factors of 3263198.
2, 317, 5147
What are the prime factors of 214287?
3, 71429
List the prime factors of 7911060.
2, 3, 5, 79, 1669
List the prime factors of 7752612.
2, 3, 7, 17, 61, 89
List the prime factors of 4319292.
2, 3, 17, 31, 683
List the prime factors of 261235.
5, 13, 4019
What are the prime factors of 2321298?
2, 3, 7, 23, 89
What are the prime factors of 5707158?
2, 3, 951193
List the prime factors of 421409.
421409
What are the prime factors of 4435294?
2, 31, 71537
List the prime factors of 1249708.
2, 312427
List the prime factors of 410175.
3, 5, 1823
List the prime factors of 7190945.
5, 103, 13963
What are the prime factors of 252120?
2, 3, 5, 11, 191
What are the prime factors of 569959?
13, 17, 2579
What are the prime factors of 23535026?
2, 23, 511631
What are the prime factors of 146162?
2, 107, 683
What are the prime factors of 398418?
2, 3, 66403
What are the prime factors of 121599?
3, 59, 229
What are the prime factors of 403686?
2, 3, 41, 547
What are the prime factors of 10370053?
10370053
What are the prime factors of 169152?
2, 3, 881
What are the prime factors of 2599970?
2, 5, 31, 8387
What are the prime factors of 9992919?
3, 3330973
List the prime factors of 494847.
3, 54983
List the prime factors of 3927959.
7, 79, 7103
List the prime factors of 12172768.
2, 19, 20021
List the prime factors of 959146.
2, 23, 29, 719
What are the prime factors of 207419?
41, 5059
List the prime factors of 18397127.
7, 461, 5701
List the prime factors of 1247.
29, 43
What are the prime factors of 156411?
3, 1931
What are the prime factors of 9299042?
2, 4649521
List the prime factors of 5468718.
2, 3, 911453
List the prime factors of 127398.
2, 3, 17, 1249
List the prime factors of 3012978.
2, 3, 17, 109, 271
What are the prime factors of 103235?
5, 11, 1877
List the prime factors of 157298.
2, 78649
What are the prime factors of 183052?
2, 45763
List the prime factors of 927898.
2, 463949
List the prime factors of 821726.
2, 137, 2999
List the prime factors of 2851856.
2, 7, 25463
List the prime factors of 5190986.
2, 83, 31271
List the prime factors of 163209.
3, 54403
What are the prime factors of 1195363?
13, 91951
What are the prime factors of 157308?
2, 3, 13109
What are the prime factors of 471443?
7, 67349
What are the prime factors of 61098?
2, 3, 17, 599
What are the prime factors of 1224353?
13, 53, 1777
What are the prime factors of 20335?
5, 7, 83
List the prime factors of 1157482.
2, 578741
What are the prime factors of 1631021?
7, 41, 5683
What are the prime factors of 427796?
2, 106949
What are the prime factors of 554609?
11, 127, 397
List the prime factors of 515222.
2, 257611
What are the prime factors of 1286710?
2, 5, 223, 577
List the prime factors of 11637002.
2, 13, 34429
List the prime factors of 3491255.
5, 698251
What are the prime factors of 2859177?
3, 19, 103, 487
What are the prime factors of 4249446?
2, 3, 199, 3559
List the prime factors of 488286.
2, 3, 27127
List the prime factors of 1083332.
2, 270833
What are the prime factors of 235605?
3, 5, 113, 139
What are the prime factors of 139247?
17, 8191
List the prime factors of 493590.
2, 3, 5, 16453
What are the prime factors of 783165?
3, 5, 109, 479
List the prime factors of 301821.
3, 13, 71, 109
What are the prime factors of 832149?
3, 92461
List the prime factors of 6266206.
2, 467, 6709
List the prime factors of 374318.
2, 7, 26737
List the prime factors of 225619.
225619
List the prime factors of 436104.
2, 3, 673
What are the prime factors of 74468?
2, 18617
List the prime factors of 6476.
2, 1619
What are the prime factors of 115134?
2, 3, 31, 619
What are the prime factors of 447098?
2, 223549
List the prime factors of 22549771.
2389, 9439
List the prime factors of 3593516.
2, 677, 1327
List the prime factors of 164868.
2, 3, 11, 1249
What are the prime factors of 3063847?
61, 50227
What are the prime factors of 11468738?
2, 73, 78553
List the prime factors of 23873956.
2, 19, 53, 5927
List the prime factors of 180066.
2, 3, 30011
List the prime factors of 738551.
11, 67141
What are the prime factors of 1115070?
2, 3, 5, 11, 31, 109
List the prime factors of 1082199.
3, 181, 1993
What are the prime factors of 1738438?
2, 13, 66863
What are the prime factors of 2170008?
2, 3, 30139
What are the prime factors of 766614?
2, 3, 67, 1907
What are the prime factors of 603070?
2, 5, 13, 4639
List the prime factors of 1066737.
3, 7, 79, 643
What are the prime factors of 2538241?
2538241
What are the prime factors of 22772?
2, 5693
What are the prime factors of 3000559?
557, 5387
List the prime factors of 1311552.
2, 3, 11, 23
List the prime factors of 14300284.
2, 3575071
What are the prime factors of 2403119?
2403119
What are the prime factors of 3306935?
5, 53, 12479
List the prime factors of 1916638.
2, 958319
List the prime factors of 1415402.
2, 41, 421
What are the prime factors of 6690290?
2, 5, 669029
What are the prime factors of 847519?
847519
What are the prime factors of 808045?
5, 7, 23087
What are the prime factors of 1047955?
5, 31, 6761
What are the prime factors of 109374?
2, 3, 18229
List the prime factors of 645506.
2, 19, 16987
List the prime factors of 3154101.
3, 313, 3359
List the prime factors of 838450.
2, 5, 41, 409
What are the prime factors of 1194797?
1194797
List the prime factors of 6959392.
2, 11, 17, 1163
List the prime factors of 2725589.
227, 12007
List the prime factors of 898830.
2, 3, 5, 3329
List the prime factors of 161445.
3, 5, 47, 229
List the prime factors of 197688.
2, 3, 8237
List the prime factors of 388706.
2, 194353
List the prime factors of 197638.
2, 7, 19, 743
List the prime factors of 2094191.
11, 61, 3121
What are the prime factors of 1159526?
2, 579763
What are the prime factors of 318139?
83, 3833
List the prime factors of 317280.
2, 3, 5, 661
What are the prime factors of 4732794?
2, 3, 11, 41, 53
What are the prime factors of 79709